24.
2, 19, 413537
What are the prime factors of 2946498?
2, 3, 491083
What are the prime factors of 160108996?
2, 6011, 6659
List the prime factors of 114318359.
31, 569, 6481
List the prime factors of 2499554623.
15451, 161773
List the prime factors of 498534522.
2, 3, 23, 37, 163, 599
What are the prime factors of 253795144?
2, 31724393
List the prime factors of 434751085.
5, 41, 1087, 1951
What are the prime factors of 3159116991?
3, 43, 2721031
List the prime factors of 23346828.
2, 3, 181, 3583
What are the prime factors of 81171049?
81171049
What are the prime factors of 93634672?
2, 5852167
List the prime factors of 362413287.
3, 47, 281, 3049
What are the prime factors of 162367346?
2, 29, 103, 27179
What are the prime factors of 17066505?
3, 5, 1137767
What are the prime factors of 13720845?
3, 5, 914723
List the prime factors of 29105649.
3, 17, 23, 919
What are the prime factors of 3723461872?
2, 13, 3253, 5503
List the prime factors of 969577718.
2, 107, 4530737
What are the prime factors of 19888440?
2, 3, 5, 11, 13, 19, 61
What are the prime factors of 1087851091?
1087851091
List the prime factors of 47413025.
5, 11, 172411
List the prime factors of 273759060.
2, 3, 5, 1543, 2957
What are the prime factors of 1418541148?
2, 29, 139, 87977
List the prime factors of 1521892910.
2, 5, 4091, 37201
What are the prime factors of 105897336?
2, 3, 19, 23, 439
List the prime factors of 308867902.
2, 7, 22061993
What are the prime factors of 2237379526?
2, 43, 383, 67927
What are the prime factors of 34144181?
34144181
What are the prime factors of 3728395413?
3, 1704799
What are the prime factors of 3629494071?
3, 7, 57611017
What are the prime factors of 54876254?
2, 37, 59, 12569
What are the prime factors of 103897992?
2, 3, 11, 23, 71, 241
What are the prime factors of 3561664707?
3, 101, 103, 109, 349
List the prime factors of 107209244.
2, 4409, 6079
List the prime factors of 1023454983.
3, 341151661
List the prime factors of 370795862.
2, 185397931
What are the prime factors of 1220647503?
3, 617, 659453
List the prime factors of 2245294007.
11, 5527, 36931
What are the prime factors of 29208125?
5, 17, 2749
What are the prime factors of 71133839?
7, 29, 113, 443
List the prime factors of 238594475.
5, 7, 194771
What are the prime factors of 79505475?
3, 5, 7, 199, 761
List the prime factors of 1572302658.
2, 3, 89, 33083
List the prime factors of 5649716843.
53, 106598431
List the prime factors of 4703464019.
487, 9658037
List the prime factors of 54109008.
2, 3, 375757
What are the prime factors of 5374568336?
2, 6529, 51449
List the prime factors of 1246169611.
139, 947, 9467
What are the prime factors of 475248561?
3, 3533, 44839
What are the prime factors of 260348814?
2, 3, 11, 1314893
What are the prime factors of 1439312972?
2, 313, 347, 3313
What are the prime factors of 205553555?
5, 181, 227131
List the prime factors of 2356796.
2, 13, 61, 743
List the prime factors of 410797285.
5, 5569, 14753
What are the prime factors of 190515951?
3, 21168439
What are the prime factors of 37455739?
89, 420851
What are the prime factors of 412691069?
7, 3041, 19387
List the prime factors of 15736520.
2, 5, 393413
What are the prime factors of 418225106?
2, 13, 137, 117413
What are the prime factors of 469015352?
2, 13, 4509763
List the prime factors of 21176284.
2, 23, 37, 6221
What are the prime factors of 60842233?
107, 568619
List the prime factors of 24563973.
3, 7, 1169713
List the prime factors of 1082465409.
3, 31, 11639413
List the prime factors of 669483572.
2, 3889, 43037
What are the prime factors of 188768693?
97, 1946069
What are the prime factors of 1269168494?
2, 11, 1753, 32909
List the prime factors of 3462878159.
13, 4967, 53629
List the prime factors of 90172620.
2, 3, 5, 67, 7477
What are the prime factors of 1850288863?
1933, 957211
List the prime factors of 53907946.
2, 31, 59, 14737
List the prime factors of 29973418.
2, 163, 91943
List the prime factors of 310578597.
3, 7, 1643273
List the prime factors of 58124354.
2, 29062177
List the prime factors of 4321159475.
5, 172846379
List the prime factors of 4543152406.
2, 13, 727, 240353
List the prime factors of 444140117.
444140117
List the prime factors of 550452836.
2, 23, 5983183
List the prime factors of 48278371.
193, 250147
List the prime factors of 41017953.
3, 971, 14081
What are the prime factors of 498171079?
7, 61, 1166677
What are the prime factors of 2749086832?
2, 461, 372707
List the prime factors of 678575784.
2, 3, 1933, 14627
What are the prime factors of 236487653?
236487653
List the prime factors of 365405332.
2, 91351333
What are the prime factors of 438898758?
2, 3, 17, 59, 72931
List the prime factors of 108487901.
1093, 99257
List the prime factors of 5883145965.
3, 5, 23, 37, 41, 1249
List the prime factors of 1160570409.
3, 23, 3229, 5209
What are the prime factors of 2751232326?
2, 3, 47, 461, 21163
What are the prime factors of 336407973?
3, 11, 167, 61043
What are the prime factors of 173551869?
3, 89, 72223
What are the prime factors of 177098604?
2, 3, 673, 21929
List the prime factors of 43928559.
3, 4880951
List the prime factors of 8346667.
7, 223, 5347
List the prime factors of 2346817389.
3, 7, 37, 3020357
List the prime factors of 1302007184.
2, 23, 839, 4217
List the prime factors of 94999892.
2, 13, 1069, 1709
List the prime factors of 76055093.
17, 127, 35227
List the prime factors of 9488704.
2, 173, 857
List the prime factors of 944231110.
2, 5, 5399, 17489
List the prime factors of 1685453436.
2, 3, 29, 467, 3457
What are the prime factors of 622096864?
2, 29, 670363
What are the prime factors of 25921387?
25921387
What are the prime factors of 126045026?
2, 5387, 11699
List the prime factors of 19061738.
2, 9530869
List the prime factors of 649886999.
17, 1657, 23071
List the prime factors of 68158120.
2, 5, 29, 58757
List the prime factors of 4680325355.
5, 101, 2459, 3769
What are the prime factors of 1438279424?
2, 17, 23, 14369
List the prime factors of 707873711.
707873711
List the prime factors of 85871110.
2, 5, 13, 660547
List the prime factors of 3158937664.
2, 49358401
What are the prime factors of 1657498194?
2, 3, 11, 2790401
List the prime factors of 41970877.
13, 67, 48187
What are the prime factors of 40255358?
2, 11, 13, 41, 3433
What are the prime factors of 880856776?
2, 317, 347341
What are the prime factors of 4970813?
1459, 3407
List the prime factors of 39338900.
2, 5, 61, 6449
What are the prime factors of 36761280?
2, 3, 5, 149, 257
List the prime factors of 6973193604.
2, 3, 13, 37, 983, 1229
What are the prime factors of 2242960265?
5, 7, 13, 53, 281, 331
What are the prime factors of 3001587448?
2, 13249, 28319
List the prime factors of 172182864.
2, 3, 7, 19, 3853
List the prime factors of 394422237.
3, 11, 53, 25057
List the prime factors of 2927176596.
2, 3, 29, 934603
List the prime factors of 774015574.
2, 97, 1259, 3169
List the prime factors of 59809806.
2, 3, 7, 158227
List the prime factors of 24700149.
3, 31, 223, 397
What are the prime factors of 4613940754?
2, 2306970377
What are the prime factors of 65145557?
65145557
What are the prime factors of 1959763917?
3, 223, 2929393
List the prime factors of 1369114650.
2, 3, 5, 29, 11657
List the prime factors of 196614130.
2, 5, 2351, 8363
List the prime factors of 64931324.
2, 479, 33889
List the prime factors of 20350827.
3, 7, 46147
List the prime factors of 1783362743.
19, 29, 170347
What are the prime factors of 961227439?
961227439
List the prime factors of 23125790.
2, 5, 199, 11621
List the prime factors of 366967344.
2, 3, 457, 16729
What are the prime factors of 12787418?
2, 7, 19, 48073
What are the prime factors of 61499003?
61499003
What are the prime factors of 26644621?
359, 74219
List the prime factors of 65612939.
7, 9373277
What are the prime factors of 5690205344?
2, 11903, 14939
What are the prime factors of 2015860238?
2, 7, 17, 29, 292069
List the prime factors of 23018475.
3, 5, 306913
What are the prime factors of 1646054170?
2, 5, 19, 1973, 4391
List the prime factors of 94051406.
2, 19, 43, 57559
What are the prime factors of 6442762461?
3, 23, 113, 826313
List the prime factors of 285027178.
2, 23, 619624